t x be (5/n)/(2/4). Suppose -86 = -x*q - 31. What are the prime factors of q?
11
Let x be (-28 - (1 + 2))/(-1). Let w = x + -19. What are the prime factors of w?
2, 3
Suppose -4*v = -5*b - 888, -v + 3*v = -5*b + 414. List the prime factors of v.
7, 31
Let v = 9 - 3. Suppose 3*d - 3*b - 108 = 0, -5*b + 150 = -d + v*d. Suppose -3*y + 0*y + d = 0. What are the prime factors of y?
11
Let j be (19/(-2))/((-1)/2). Let r = j + -12. List the prime factors of (-2)/(-3) + r/3.
3
Let d = -1 - -5. Suppose -d*b - 3*i = -106, i - 18 - 34 = -2*b. What are the prime factors of b?
5
Let a = -196 - -329. List the prime factors of a.
7, 19
Let q be 2/4 - 20/(-8). Suppose 3*r - 42 = -0*r + q*z, -2*z = 0. What are the prime factors of r?
2, 7
Suppose 0 = -4*x + 5*x. Suppose 0 = -x*m + 2*m + 6. Let p(v) = -2*v + 4. What are the prime factors of p(m)?
2, 5
Suppose 0 = -4*j + 3*j + 156. List the prime factors of j.
2, 3, 13
Let v be (-3)/(-3)*-3 + 0. Let c(f) be the third derivative of f**5/60 - f**4/24 - f**3/2 + 2*f**2. List the prime factors of c(v).
3
Let q = -324 - -612. List the prime factors of 6/21 + q/21.
2, 7
Let d(r) = -r**3 - 10*r**2 - 21*r + 6. List the prime factors of d(-9).
2, 3, 19
Let n(m) = -m**2 + 5 + 0*m**2 - 11*m - 2 + 3. List the prime factors of n(-11).
2, 3
Let d be 8/6 + 4/(-12). Let z = d - -2. List the prime factors of z.
3
Suppose -5*q + 0 = -20. What are the prime factors of (7 + -3)/(q/6)?
2, 3
Suppose 27 = c - 0. Suppose -111 = 4*m - c. List the prime factors of (m/6)/((-1)/2).
7
Suppose 0 = -3*i + 6. Suppose 0 = i*w + w - 105. List the prime factors of w.
5, 7
What are the prime factors of (20/6)/((-9)/(-270))?
2, 5
Let z(k) = -k**3 - k - 1. Let a be z(-1). Suppose 0 = 5*m + x + 6 - 20, x + a = 0. What are the prime factors of m?
3
Suppose 11*k - 861 - 459 = 0. List the prime factors of k.
2, 3, 5
Let x(h) = h**3 + 8*h**2 - 9*h + 2. Let n be x(-9). Suppose n*u + 0 = 8. What are the prime factors of u?
2
Suppose 2*x + 5*m + 6 = 4, -x - 4*m - 1 = 0. Let g(r) = r**2 + 11*r + 1. Let d be g(-10). What are the prime factors of -2 + d/(0 + x)?
7
What are the prime factors of 50 + -10 + 1/1?
41
Let o(w) = -3*w - 4. List the prime factors of o(-8).
2, 5
Let c = -55 - -82. Let o = c - 12. What are the prime factors of o?
3, 5
List the prime factors of (-1)/(-8) - 351/(-72).
5
Suppose -4*n = -3*q - 4 + 2, -q - n + 4 = 0. What are the prime factors of q?
2
Let k = -11 + 16. Suppose 5*v = -k*a + 40, 2*a - 27 = -4*v + 3. List the prime factors of v.
7
Let b = -29 + 41. List the prime factors of ((-32)/b)/(2/(-18)).
2, 3
List the prime factors of 194/2 + 2 - 2.
97
Let t(h) = -h**3 - h**2 + 1. Let k be t(-1). Let q = k + -1. List the prime factors of 6*(-1 - q)/(-1).
2, 3
Suppose 2*n = 4*n - 216. List the prime factors of n.
2, 3
Let f(a) = a**2 - 3*a - 7. Let t(q) be the third derivative of q**6/120 + 5*q**3/6 + 2*q**2. Let b be t(0). List the prime factors of f(b).
3
List the prime factors of 14539/155 + (-8)/10.
3, 31
Let v = -13 + 24. Let u = v - 11. Suppose -2 + u = -z + b, -10 = -4*z + 2*b. What are the prime factors of z?
3
Suppose 2*s = -6, 2*k + 0*s = 3*s + 83. Let t = k - 19. What are the prime factors of t?
2, 3
Suppose -36*s = -40*s + 124. List the prime factors of s.
31
Let m = -18 - -11. Let k = 11 + m. What are the prime factors of k?
2
Let u be (0 + 12/9)*-12. List the prime factors of (-2)/((u/18)/4).
3
Suppose 14 = -t - 0. Let y = -8 - t. List the prime factors of y.
2, 3
Let v(d) = -d**2 + d - 4. Let f be v(3). List the prime factors of -1 - (2 + -1)*f.
3
Let q(r) = -2 + 2 + 3*r + 0*r + 4*r**2. What are the prime factors of q(-3)?
3
Let t(h) = -48*h - 2. What are the prime factors of t(-3)?
2, 71
What are the prime factors of (-4)/22 + 3773/121?
31
Let b be 1/(-2)*1*0. Suppose 4*t - 48 = -b*t. List the prime factors of t.
2, 3
Let c(g) = -2*g**2 - 1 + 0 + 3 + g**3. List the prime factors of c(3).
11
Let r = 100 + -71. Suppose 2*u + 48 = 4*h, 3*h + 7 - r = -2*u. List the prime factors of -1 + 1 - h/(-2).
5
Let g(a) = -a**3 - 4*a**2 + 2. Let w be g(-4). Suppose 16 = -w*x + 44. Let r = -3 + x. List the prime factors of r.
11
Let d(g) = -2*g**3 + g - 3. Let n be d(-3). Suppose -6 - n = -3*y. What are the prime factors of y?
2, 3
What are the prime factors of 50 - (4 + -8 - -6)?
2, 3
Let k be -10*(14/5)/(-1). Suppose -k = 2*d - 6*d. Suppose -d*v + 55 = -2*v. What are the prime factors of v?
11
Let n(l) = 10*l - 1. Let d(g) = -g. Let w(r) = 44*d(r) + 4*n(r). List the prime factors of w(-4).
2, 3
Suppose -m - 100 = -6*m + 4*a, 58 = 2*m + 2*a. Suppose 0 = -3*p + 4*p - m. Suppose -4*h = -h - p. List the prime factors of h.
2
Let r(n) = n**2 + 6*n - 25. What are the prime factors of r(-15)?
2, 5, 11
Let p = 7 - -5. Suppose 2*k + 20 = 4*a, -3*k - 8 = -4*a + p. Let f(y) = y - 1. What are the prime factors of f(a)?
2
Let h = 203 + -125. Suppose 5*d - 4*b = -0*b + h, -4*d + b + 58 = 0. What are the prime factors of d?
2, 7
Let u be (-6)/(-4) + (-12)/8. Suppose u = 7*p - 2*p - 110. Suppose -3*b = 1 - p. What are the prime factors of b?
7
Let f(t) = -t**2 - t + 2. Let n be f(0). Let k(l) = -6*l - 2 - l**2 - 4*l**n + 4 + l**3. What are the prime factors of k(6)?
2
Let d(a) = -a - 10. Let b be d(8). Let p = b - -25. What are the prime factors of p?
7
Let f = -6 + 2. Let a = f - -36. What are the prime factors of a?
2
Suppose -2*x + 0*x = -4. Suppose 6*h = h - 2*i + x, -2*i + 2 = 2*h. What are the prime factors of (16 - h)*(-15)/(-20)?
2, 3
Suppose -q = -5*f + 64 + 160, 4*q + 221 = 5*f. List the prime factors of f.
3, 5
Suppose 3*f + 105 = 318. Let v = f - 49. What are the prime factors of v?
2, 11
Let t(p) = 2*p - 8. Let f(h) = -1 - 4*h**2 - 2*h + 5*h**2 + 4*h. Let j be f(2). List the prime factors of t(j).
2, 3
Suppose n - 12 = -3*n. Suppose -n*k + 7*k = 24. List the prime factors of k.
2, 3
Let c(s) = 3*s + 6. Let x be c(-4). List the prime factors of 1/(3/x) - -21.
19
Let w(c) = 32*c - 11. List the prime factors of w(3).
5, 17
Suppose 0*c - c - 2*m + 14 = 0, c - 28 = 5*m. List the prime factors of c.
2, 3
What are the prime factors of (-4)/(-18) + (-5089)/(-63)?
3
List the prime factors of (-6)/(((-24)/171)/4).
3, 19
Suppose 4*d - 163 - 29 = 3*f, 0 = -4*d - f + 208. List the prime factors of d.
3, 17
Let x(t) be the third derivative of -t**4/4 - 5*t**3/6 + 5*t**2. List the prime factors of x(-6).
31
Suppose 3*u - 5*x = 347, -5*x - 4 + 14 = 0. What are the prime factors of u?
7, 17
Let i = 95 - 67. Suppose 4*c - i = -0. List the prime factors of c.
7
Let t = 28 - 76. Let n = 97 + t. Suppose -l - 45 = -y - 3*y, 4*y - 5*l - n = 0. List the prime factors of y.
11
Let r be (4/4 + 10)*2. Let f = 10 - 18. Let b = r + f. List the prime factors of b.
2, 7
Let f(o) = -21*o**2 - 2*o + 1. Let t be f(1). Let z = t + 40. Let g = 32 - z. List the prime factors of g.
2, 7
Let y be (-2712)/(-54) + (-4)/18. Suppose 0 = 5*d - g - 113, d + d + 2*g - y = 0. List the prime factors of d.
23
List the prime factors of 2 + 71 + -4 + 0.
3, 23
What are the prime factors of 10*1/3*3?
2, 5
Let f(y) be the first derivative of -y**2 - 8*y - 1. Let m(n) = n**3 + 5*n**2 + n - 1. Let u be m(-5). List the prime factors of f(u).
2
Suppose 2*q - 156 = -2*b, 4*q - 2*q = b - 75. List the prime factors of b.
7, 11
Let b = -5 + 6. Let l = b + 1. What are the prime factors of l?
2
Let h be -4 - 0*(-2)/(-10). Let x(s) = -7*s + 3 + 3*s + 4*s**3 - 5*s**3 - 4*s**2. List the prime factors of x(h).
19
Let w(q) = 11*q**2. Let f be (-2 + 4)*(1 - 0). Suppose 0 = f*z + 6, -z = -0*p + 3*p. What are the prime factors of w(p)?
11
Let r = 333 - 150. List the prime factors of r.
3, 61
Let g(k) = -5*k + 45. List the prime factors of g(-9).
2, 3, 5
Suppose 0*j - 4*j = 0. Suppose k - 3*k + 22 = j. What are the prime factors of k?
11
Let k(b) = b**2 - 7*b + 8. Let r be k(6). Suppose -r*o = -0*o - 24. List the prime factors of o.
2, 3
Let m(u) = -u. Let t be m(0). Suppose o + 3*o - 12 = t. Suppose -o*a = -5 - 16. List the prime factors of a.
7
Suppose 2*a = -z + 12, -2*a + 4 = 5*z - 0*z. Let l = 33 + -9. Suppose -a*v - 5*k = -6*v, -5*v - k = -l. List the prime factors of v.
5
Let t be (-14)/21*(0 + -36). Suppose -k = -5*a + 2*a + 14, -t = -2*a - 3*k. List the prime factors of a.
2, 3
Suppose -2*o + 6 = 